d by 462?
457
Calculate the remainder when 30718 is divided by 850.
118
Calculate the remainder when 1865702 is divided by 1782.
1730
Calculate the remainder when 835748 is divided by 2458.
28
What is the remainder when 1250221 is divided by 3416?
3381
Calculate the remainder when 311701 is divided by 8381.
1604
Calculate the remainder when 1507924 is divided by 59.
2
What is the remainder when 3386600 is divided by 423320?
40
What is the remainder when 597771 is divided by 816?
459
Calculate the remainder when 1798827 is divided by 92.
43
Calculate the remainder when 358400793 is divided by 124.
121
Calculate the remainder when 36312 is divided by 34.
0
Calculate the remainder when 14683974 is divided by 1175.
1174
Calculate the remainder when 1161548 is divided by 888.
44
What is the remainder when 63360357 is divided by 21?
18
Calculate the remainder when 10084625 is divided by 19.
14
What is the remainder when 693289 is divided by 115518?
181
Calculate the remainder when 302841 is divided by 576.
441
Calculate the remainder when 669291 is divided by 2332.
7
What is the remainder when 69569 is divided by 4987?
4738
Calculate the remainder when 26313327 is divided by 3216.
15
What is the remainder when 138886 is divided by 1412?
510
What is the remainder when 89539067 is divided by 64?
59
Calculate the remainder when 673836 is divided by 168294.
660
Calculate the remainder when 4935243 is divided by 42915.
18
What is the remainder when 4031711 is divided by 310?
161
Calculate the remainder when 5806983 is divided by 33.
6
Calculate the remainder when 76480 is divided by 2014.
1962
Calculate the remainder when 131392 is divided by 1.
0
What is the remainder when 43484 is divided by 3407?
2600
What is the remainder when 44480835 is divided by 18?
9
What is the remainder when 484364 is divided by 173?
137
What is the remainder when 300379 is divided by 2057?
57
Calculate the remainder when 7972953 is divided by 996613.
49
Calculate the remainder when 843717 is divided by 1390.
1377
What is the remainder when 825611 is divided by 845?
46
Calculate the remainder when 22635 is divided by 4152.
1875
Calculate the remainder when 21575579 is divided by 20033.
38
What is the remainder when 31566695 is divided by 14447?
0
Calculate the remainder when 139539 is divided by 219.
36
Calculate the remainder when 153401239 is divided by 6459.
6448
What is the remainder when 3310573 is divided by 220704?
13
Calculate the remainder when 1677992 is divided by 11.
8
What is the remainder when 576962 is divided by 311?
57
What is the remainder when 3367894 is divided by 137?
23
What is the remainder when 19121477 is divided by 9560720?
37
Calculate the remainder when 523332 is divided by 927.
504
What is the remainder when 674889680 is divided by 51?
50
Calculate the remainder when 7171502 is divided by 2042.
2040
What is the remainder when 12136995 is divided by 1103362?
13
What is the remainder when 821890 is divided by 108?
10
What is the remainder when 12407271 is divided by 2529?
2526
Calculate the remainder when 799695 is divided by 798332.
1363
What is the remainder when 368446 is divided by 46051?
38
What is the remainder when 202698 is divided by 5?
3
What is the remainder when 11482354 is divided by 17?
10
What is the remainder when 5350277 is divided by 54043?
20
What is the remainder when 18122825 is divided by 2713?
2698
Calculate the remainder when 156121 is divided by 18.
7
Calculate the remainder when 12499335 is divided by 140.
135
Calculate the remainder when 4982387 is divided by 402.
401
What is the remainder when 5477042 is divided by 429?
428
Calculate the remainder when 20487 is divided by 47.
42
What is the remainder when 2584 is divided by 1886?
698
Calculate the remainder when 42227 is divided by 5277.
11
Calculate the remainder when 3090426 is divided by 3540.
6
What is the remainder when 10547704 is divided by 202840?
24
What is the remainder when 74944274 is divided by 3186?
3182
Calculate the remainder when 522053 is divided by 1807.
1637
Calculate the remainder when 152175 is divided by 16849.
534
Calculate the remainder when 190008 is divided by 3577.
427
What is the remainder when 75723 is divided by 3556?
1047
Calculate the remainder when 642521 is divided by 58.
55
What is the remainder when 213568016 is divided by 23?
21
What is the remainder when 144485 is divided by 1111?
55
What is the remainder when 45378859 is divided by 4537881?
49
What is the remainder when 51463294 is divided by 1987?
1981
Calculate the remainder when 1621672 is divided by 147424.
8
What is the remainder when 53334 is divided by 249?
48
What is the remainder when 28948595 is divided by 4634?
4631
Calculate the remainder when 74917186 is divided by 38.
34
Calculate the remainder when 806835 is divided by 37.
13
What is the remainder when 2913487 is divided by 34?
27
What is the remainder when 9119836 is divided by 130283?
26
Calculate the remainder when 23076 is divided by 601.
238
Calculate the remainder when 1139599 is divided by 176.
175
Calculate the remainder when 131665 is divided by 14470.
1435
What is the remainder when 21265221 is divided by 12?
9
What is the remainder when 5975759 is divided by 321?
23
Calculate the remainder when 7199159 is divided by 13.
6
Calculate the remainder when 9145063 is divided by 703465.
18
Calculate the remainder when 26663568 is divided by 3809081.
1
What is the remainder when 4689612 is divided by 11813?
11664
Calculate the remainder when 4499427 is divided by 899838.
237
Calculate the remainder when 145407 is divided by 23965.
1617
Calculate the remainder when 14215462 is divided by 5826.
22
Calculate the remainder when 396111 is divided by 198052.
7
What is the remainder when 20685274 is divided by 67?
29
What is the remainder when 130259 is divided by 32375?
759
What is the remainder when 399747 is divided by 2488?
1667
What is the remainder when 50440 is divided by 287?
215
What is the remainder when 62335 is divided by 61333?
1002
What is the remainder when 7591977 is divided by 1096?
1081
Calculate the remainder when 6503387 is divided by 14.
9
What is the remainder when 6491145 is divided by 10?
5
What is the remainder when 129926 is divided by 414?
344
Calculate the remainder when 61883823 is divided by 340021.
1
Calculate the remainder when 415229 is divided by 165.
89
Calculate the remainder when 25911788 is divided by 137099.
77
Calculate the remainder when 3000960 is divided by 20840.
0
What is the remainder when 262361 is divided by 2428?
137
What is the remainder when 5809318 is divided by 1936437?
7
Calculate the remainder when 5430667 is divided by 2715284.
99
Calculate the remainder when 92511 is divided by 46253.
5
Calculate the remainder when 100524192 is divided by 17.
13
What is the remainder when 97640265 is divided by 2921?
2919
Calculate the remainder when 8607586 is divided by 2188.
2182
Calculate the remainder when 2662988 is divided by 55.
53
What is the remainder when 4398909 is divided by 729?
123
Calculate the remainder when 6529032 is divided by 161.
160
Calculate the remainder when 464045 is divided by 2343.
131
What is the remainder when 20374 is divided by 5010?
334
Calculate the remainder when 568357563 is divided by 19.
18
What is the remainder when 5853778 is divided by 3060?
3058
What is the remainder when 58678 is divided by 9734?
274
What is the remainder when 2751470 is divided by 9358?
218
Calculate the remainder when 10116770 is divided by 9870.
20
What is the remainder when 1259909 is divided by 540?
89
Calculate the remainder when 155263026 is divided by 2845.
2841
Calculate the remainder when 68850 is divided by 2084.
78
What is the remainder when 203464 is divided by 556?
524
What is the remainder when 1035047 is divided by 1353?
2
What is the remainder when 7321643 is divided by 4599?
35
What is the remainder when 2205383 is divided by 735127?
2
Calculate the remainder when 197767537 is divided by 2.
1
What is the remainder when 707609 is divided by 1064?
49
Calculate the remainder when 73421314 is divided by 37.
31
What is the remainder when 8688392 is divided by 6347?
5696
What is the remainder when 15124 is divided by 3769?
48
Calculate the remainder when 64